{"id":14414,"date":"2024-01-11T14:21:38","date_gmt":"2024-01-11T13:21:38","guid":{"rendered":"https:\/\/weingaertner-it.de\/?post_type=product&#038;p=14414"},"modified":"2026-04-24T12:54:42","modified_gmt":"2026-04-24T10:54:42","slug":"managed-root-server","status":"publish","type":"product","link":"https:\/\/weingaertner-it.de\/index.php\/produkt\/managed-root-server\/","title":{"rendered":"Managed Root Server"},"content":{"rendered":"<p>Mit einem Managed Root Server k\u00f6nnen Sie die Vorteile eines Servers genie\u00dfen ohne Kenntnisse im Management von Servern haben zu m\u00fcssen. Per Plesk\/Keyhelp k\u00f6nnen Sie bei einem Managed Root Server einfach eigene Kunden anlegen und verwalten, welche auf dem Server Webspace, E-Mail Adressen und Domains erhalten k\u00f6nnen. Individuelle Softwareinstallationen auf dem Managed Root Server sind \u00fcber unseren Service m\u00f6glich.<\/p>\n<p>folgende Managementoberfl\u00e4chen stehen zur Auswahl:<br \/>\nPlesk<br \/>\nKeyhelp<br \/>\nISPconfig<\/p>\n<p>Weing\u00e4rtner IT Services sorgt daf\u00fcr, dass Ihr Server immer mit den aktuellsten Sicherheitsupdates versorgt ist und dass die Systemsoftware und Serverdienste korrekt arbeiten. Sie brauchen sich also keine Sorgen um die Konfiguration Ihrer Serversoftware zu machen. Das \u00fcbernehmen wir f\u00fcr Sie!<\/p>\n<p><strong>Bitte beachten Sie, dass es sich hierbei um ein Managed Root Server Produkt ohne root-Rechte oder sudo-Rechte handelt und nicht jede Software-Konfiguration abbildbar ist. Bitte fragen Sie daher vor dem Kauf an, ob die von Ihnen gew\u00fcnschte\/n Software bzw. die Einstellungen zur Verf\u00fcgung gestellt werden k\u00f6nnen.<\/strong> <\/p>\n<p>Die Mindestvertragslaufzeit betr\u00e4gt 12 Monate.<br \/>\nDer Vertrag verl\u00e4ngert sich automatisch, die K\u00fcndigungsfrist betr\u00e4gt 4 Wochen zum Monatsende.<br \/>\nZahlungsweise: Monatlich im Voraus.<\/p>\n","protected":false},"excerpt":{"rendered":"<p>Managed Root Server<br \/>\nDie Mindestvertragslaufzeit betr\u00e4gt 12 Monate.<br \/>\nDer Vertrag verl\u00e4ngert sich automatisch, die K\u00fcndigungsfrist betr\u00e4gt 4 Wochen zum Monatsende.<br \/>\nZahlungsweise: Monatlich im Voraus.<\/p>\n","protected":false},"featured_media":11429,"comment_status":"open","ping_status":"closed","template":"","meta":{"_kadence_starter_templates_imported_post":false,"_kad_post_transparent":"","_kad_post_title":"","_kad_post_layout":"","_kad_post_sidebar_id":"","_kad_post_content_style":"","_kad_post_vertical_padding":"","_kad_post_feature":"","_kad_post_feature_position":"","_kad_post_header":false,"_kad_post_footer":false,"_kad_post_classname":""},"product_brand":[],"product_cat":[57],"product_tag":[],"class_list":{"0":"post-14414","1":"product","2":"type-product","3":"status-publish","4":"has-post-thumbnail","6":"product_cat-managed-server","8":"first","9":"outofstock","10":"taxable","11":"shipping-taxable","12":"product-type-variable","13":"entry","14":"content-bg","15":"loop-entry"},"exclude_global_add_ons":false,"addons":[{"name":"Domain","type":"custom_text","position":0,"required":false,"title_format":"label","default":"","description_enable":false,"description":"","placeholder_enable":true,"placeholder":"","display":"select","restrictions_type":"any_text","adjust_price":false,"price":"","price_type":"flat_fee","restrictions":false,"min":"0","max":"0","options":[],"id":1776240848},{"name":"Username","type":"custom_text","position":1,"required":false,"title_format":"label","default":"","description_enable":false,"description":"","placeholder_enable":false,"placeholder":"","display":"select","restrictions_type":"only_letters_numbers","adjust_price":false,"price":"","price_type":"flat_fee","restrictions":true,"min":"3","max":"24","options":[],"id":1776240960}],"aioseo_notices":[],"_links":{"self":[{"href":"https:\/\/weingaertner-it.de\/index.php\/wp-json\/wp\/v2\/product\/14414","targetHints":{"allow":["GET"]}}],"collection":[{"href":"https:\/\/weingaertner-it.de\/index.php\/wp-json\/wp\/v2\/product"}],"about":[{"href":"https:\/\/weingaertner-it.de\/index.php\/wp-json\/wp\/v2\/types\/product"}],"replies":[{"embeddable":true,"href":"https:\/\/weingaertner-it.de\/index.php\/wp-json\/wp\/v2\/comments?post=14414"}],"wp:featuredmedia":[{"embeddable":true,"href":"https:\/\/weingaertner-it.de\/index.php\/wp-json\/wp\/v2\/media\/11429"}],"wp:attachment":[{"href":"https:\/\/weingaertner-it.de\/index.php\/wp-json\/wp\/v2\/media?parent=14414"}],"wp:term":[{"taxonomy":"product_brand","embeddable":true,"href":"https:\/\/weingaertner-it.de\/index.php\/wp-json\/wp\/v2\/product_brand?post=14414"},{"taxonomy":"product_cat","embeddable":true,"href":"https:\/\/weingaertner-it.de\/index.php\/wp-json\/wp\/v2\/product_cat?post=14414"},{"taxonomy":"product_tag","embeddable":true,"href":"https:\/\/weingaertner-it.de\/index.php\/wp-json\/wp\/v2\/product_tag?post=14414"}],"curies":[{"name":"wp","href":"https:\/\/api.w.org\/{rel}","templated":true}]}}